{"version":"1.0","provider_name":"Atlas Shrugged","provider_url":"https:\/\/filmmind.cafeblog.hu","author_name":"Dodge2","author_url":"https:\/\/filmmind.cafeblog.hu\/author\/Filmmind-2-2-2\/","title":"Libanoni kering\u0151","html":"<p><i><span style=\"color: rgb(102, 0, 0); \">&nbsp;<\/span><\/i><img src=\"https:\/\/filmmind.cafeblog.hu\/files\/thumb_waltz_with_bashir11.jpg\" class=\"blogkep\" align=\"center\"><\/p><p><i><font class=\"Apple-style-span\" color=\"#660000\" face=\"'trebuchet ms', verdana, arial, sans-serif\" size=\"2\"><span class=\"Apple-style-span\" style=\"border-collapse: collapse; line-height: 18px; -webkit-border-horizontal-spacing: 2px; -webkit-border-vertical-spacing: 2px; \"><span style=\"font-size: 16px; \">H\u00e1ny olyan v\u00e9rengz\u00e9sr\u0151l, csat\u00e1r\u00f3l, h\u00e1bor\u00far\u00f3l hallunk a t\u00f6rt\u00e9nelem sor\u00e1n, ahol az \u00f6ld\u00f6kl\u00e9s \u00f6nk\u00e9nyes, \u00e9s a h\u00e1tt\u00e9rben az adott hatalom \u00e1ltal&nbsp;ir\u00e1ny\u00edtott&nbsp;volt. Egy ilyen t\u00e9m\u00e1hoz nem k\u00f6nny\u0171 filmesk\u00e9nt hozz\u00e1ny\u00falni, mert&nbsp;<\/span><\/span><span class=\"Apple-style-span\" style=\"border-collapse: collapse; line-height: 18px; -webkit-border-horizontal-spacing: 2px; -webkit-border-vertical-spacing: 2px; \"><span style=\"font-size: 16px; \">automatikusan<\/span><\/span><span class=\"Apple-style-span\" style=\"border-collapse: collapse; line-height: 18px; -webkit-border-horizontal-spacing: 2px; -webkit-border-vertical-spacing: 2px; \"><span style=\"font-size: 16px; \">&nbsp;ellen\u00e1ll\u00e1sba fog \u00fctk\u00f6zni valamelyik oldalr\u00f3l. Egy h\u00e1bor\u00faban mindig van k\u00e9t, vagy t\u00f6bb ellens\u00e9g, akik a csat\u00e1jukat a maguk szemsz\u00f6g\u00e9b\u0151l fogj\u00e1k l\u00e1tni, \u00e9s aszerint magyar\u00e1zz\u00e1k, mi\u00e9rt t\u00f6rt\u00e9n \u00fagy a h\u00e1bor\u00fa menete, ahogy.<\/span><\/span><\/font><\/i><\/p><i><span class=\"Apple-style-span\" style=\"border-collapse: collapse; font-family: 'trebuchet ms', verdana, arial, sans-serif; line-height: 18px; -webkit-border-horizontal-spacing: 2px; -webkit-border-vertical-spacing: 2px; color: rgb(102, 0, 0); font-size: 16px; \">De vannak ritka pillanatok, \u00e9s kiv\u00e9teles emberek, akik bel\u00e1tj\u00e1k, hogy \u0151k is hib\u00e1zhattak, hogy a parancs, amit kaptak, nem volt emberhez m\u00e9lt\u00f3, hogy&nbsp;teljes\u00edts\u00e9k.<\/span><span class=\"Apple-style-span\" style=\"border-collapse: collapse; color: rgb(51, 51, 51); font-family: 'trebuchet ms', verdana, arial, sans-serif; font-size: 13px; line-height: 18px; -webkit-border-horizontal-spacing: 2px; -webkit-border-vertical-spacing: 2px; \"><br><\/span><span class=\"Apple-style-span\" style=\"border-collapse: collapse; color: rgb(51, 51, 51); font-family: 'trebuchet ms', verdana, arial, sans-serif; font-size: 13px; line-height: 18px; -webkit-border-horizontal-spacing: 2px; -webkit-border-vertical-spacing: 2px; \"><br><\/span><span class=\"Apple-style-span\" style=\"border-collapse: collapse; font-family: 'trebuchet ms', verdana, arial, sans-serif; line-height: 18px; -webkit-border-horizontal-spacing: 2px; -webkit-border-vertical-spacing: 2px; color: rgb(102, 0, 0); font-size: 16px; \">Egy filmn\u00e9l a legfontosabb ember szerintem a rendez\u0151, mert a t\u00f6rt\u00e9net, a jelenetek, a&nbsp;vil\u00e1g\u00edt\u00e1s, a&nbsp;helysz\u00ednek&nbsp;az \u0151 szem\u00e9n kereszt\u00fcl&nbsp;vet\u00edtve&nbsp;jutnak el hozz\u00e1nk. Ari Folman &nbsp;izraeli filmrendez\u0151 keze nyom\u00e1n k\u00e9sz\u00fclt a<\/span><span class=\"Apple-style-span\" style=\"border-collapse: collapse; font-family: 'trebuchet ms', verdana, arial, sans-serif; line-height: 18px; -webkit-border-horizontal-spacing: 2px; -webkit-border-vertical-spacing: 2px; color: rgb(102, 0, 0); font-size: 16px; \">&nbsp;<\/span><span class=\"Apple-style-span\" style=\"border-collapse: collapse; color: rgb(51, 51, 51); font-family: 'trebuchet ms', verdana, arial, sans-serif; font-size: 13px; line-height: 18px; -webkit-border-horizontal-spacing: 2px; -webkit-border-vertical-spacing: 2px; \"><b><span style=\"color: rgb(102, 0, 0); font-size: 16px; \">Libanoni kering\u0151<\/span><\/b><\/span><span class=\"Apple-style-span\" style=\"border-collapse: collapse; font-family: 'trebuchet ms', verdana, arial, sans-serif; line-height: 18px; -webkit-border-horizontal-spacing: 2px; -webkit-border-vertical-spacing: 2px; color: rgb(102, 0, 0); font-size: 16px; \">, mely \u00f6n\u00e9letrajzi ihlet\u00e9s\u0171. A rendez\u0151 egyike a Holokauszt t\u00fal\u00e9l\u0151k lesz\u00e1rmazottj\u00e1nak.<\/span><span class=\"Apple-style-span\" style=\"border-collapse: collapse; color: rgb(51, 51, 51); font-family: 'trebuchet ms', verdana, arial, sans-serif; font-size: 13px; line-height: 18px; -webkit-border-horizontal-spacing: 2px; -webkit-border-vertical-spacing: 2px; \"><br><\/span><span class=\"Apple-style-span\" style=\"border-collapse: collapse; font-family: 'trebuchet ms', verdana, arial, sans-serif; line-height: 18px; -webkit-border-horizontal-spacing: 2px; -webkit-border-vertical-spacing: 2px; color: rgb(102, 0, 0); font-size: 16px; \">A filmet nemcsak az anim\u00e1ci\u00f3s filmek kateg\u00f3ri\u00e1j\u00e1ban jel\u00f6lt\u00e9k sz\u00e1mos fesztiv\u00e1lon \u00e9s&nbsp;d\u00edj\u00e1tad\u00f3&nbsp;\u00fcnneps\u00e9gen, hanem a dokumentum film kateg\u00f3ri\u00e1ban is. \u00c9rdekes&nbsp;p\u00e1ros\u00edt\u00e1s, m\u00e1rmint az anim\u00e1ci\u00f3 \u00e9s a dokumentumfilm, m\u00e9gis miut\u00e1n megn\u00e9ztem, \u00fagy gondoltam, hogy nem is lehetett volna m\u00e1sk\u00e9pp megcsin\u00e1lni. A dr\u00e1mai jeleneteket&nbsp;finom\u00edtotta&nbsp;a rajzolt technika, m\u00e9gis a k\u00e9pzelet\u00fcnk&nbsp;kieg\u00e9sz\u00edt\u00e9s\u00e9vel&nbsp;sokkal hat\u00e1sosabb volt b\u00e1rmelyik&nbsp;sz\u00e1m\u00edt\u00f3g\u00e9pes&nbsp;effektn\u00e9l.<\/span><span class=\"Apple-style-span\" style=\"border-collapse: collapse; color: rgb(51, 51, 51); font-family: 'trebuchet ms', verdana, arial, sans-serif; font-size: 13px; line-height: 18px; -webkit-border-horizontal-spacing: 2px; -webkit-border-vertical-spacing: 2px; \"><br><\/span><span class=\"Apple-style-span\" style=\"border-collapse: collapse; color: rgb(51, 51, 51); font-family: 'trebuchet ms', verdana, arial, sans-serif; font-size: 13px; line-height: 18px; -webkit-border-horizontal-spacing: 2px; -webkit-border-vertical-spacing: 2px; \"><br><\/span><span class=\"Apple-style-span\" style=\"border-collapse: collapse; font-family: 'trebuchet ms', verdana, arial, sans-serif; line-height: 18px; -webkit-border-horizontal-spacing: 2px; -webkit-border-vertical-spacing: 2px; color: rgb(102, 0, 0); font-size: 16px; \">Maga a filmrendez\u0151, Ari mes\u00e9li el a t\u00f6rt\u00e9net\u00e9t az 1982-es Libanoni m\u00e9sz\u00e1rl\u00e1sr\u00f3l, ahol \u0151 m\u00e9g csak 19 \u00e9ves katona volt. Ari egy nap felkeresi bar\u00e1tj\u00e1t, akivel egy\u00fctt harcolt abban a bizonyos h\u00e1bor\u00faban, \u00e9s elmondja neki, hogy lassan 3 \u00e9ve van egy visszat\u00e9r\u0151 \u00e1lma, ahol 26 v\u00e9reb, vicsorg\u00f3 pof\u00e1val,&nbsp;csorg\u00f3&nbsp;ny\u00e1llal \u00e9s kifordult szemmel rohan a h\u00e1za fel\u00e9, \u00e9s \u0151t akarja meg\u00f6lni. Az \u00e1lom megfejt\u00e9se \u00f6sszef\u00fcgg az \u0151 katonai m\u00faltjukkal, amikor egy alkalommal a&nbsp;v\u00edzpart&nbsp;fel\u0151l&nbsp;bevonultak egy faluba, ahol kuty\u00e1k \u0151rizt\u00e9k az emberek nyugalm\u00e1t, \u00e9s ha a kuty\u00e1k meg\u00e9reztek valakit, azonnal jeleztek a gazd\u00e1knak. Ezeket a kuty\u00e1kat l\u0151tt\u00e9k ki, pontosan 26-ot. Ari nem \u00e9rti mi\u00e9rt nem eml\u00e9kszik semmire abb\u00f3l az id\u0151b\u0151l, minden olyan dolgot t\u00f6r\u00f6lt a mem\u00f3ri\u00e1ja, ahol \u00f6lni kellett, vagy ahol ilyet l\u00e1tott.&nbsp;\u00cdgy&nbsp;eld\u00f6nti, hogy felkeresi a r\u00e9gi bajt\u00e1rsait, \u00e9s megk\u00e9rdezi \u0151ket, mire eml\u00e9keznek a h\u00e1bor\u00fab\u00f3l.<\/span><span class=\"Apple-style-span\" style=\"border-collapse: collapse; color: rgb(51, 51, 51); font-family: 'trebuchet ms', verdana, arial, sans-serif; font-size: 13px; line-height: 18px; -webkit-border-horizontal-spacing: 2px; -webkit-border-vertical-spacing: 2px; \"><br><\/span><span class=\"Apple-style-span\" style=\"border-collapse: collapse; font-family: 'trebuchet ms', verdana, arial, sans-serif; line-height: 18px; -webkit-border-horizontal-spacing: 2px; -webkit-border-vertical-spacing: 2px; color: rgb(102, 0, 0); font-size: 16px; \">Erre az utaz\u00e1sra&nbsp;h\u00edv&nbsp;minket a film, mely gy\u00f6ny\u00f6r\u0171en van megrajzolva, a f\u00e9nyek, a&nbsp;sz\u00ednek, az arcok \u00e9letre kelnek. A t\u00f6rt\u00e9netben haladva egyre jobban elfog minket az az \u00e9rz\u00e9s, hogy sokszor - \u00e9s biztosan nem csak ebben a m\u00e9sz\u00e1rl\u00e1sban - fiatal katon\u00e1k mennek,&nbsp;teljes\u00edtik&nbsp;a parancsot, de akkor \u00e9s ott nem fogj\u00e1k fel, hogy minden elv\u00fckkel&nbsp;ellenkezik&nbsp;a tett\u00fck. Csak k\u00e9s\u0151bb, mikor m\u00e1r k\u00e9pesek szembes\u00fclni vele, akkor j\u00f6nnek r\u00e1, hogy nem kellett volna r\u00e9szt venni. Az ember k\u00fcl\u00f6n\u00f6s teremtm\u00e9ny, \u00e9s olyan dolgokra k\u00e9pes a lelke \u00e9s&nbsp;\u00e9p elm\u00e9je&nbsp;megv\u00e9d\u00e9s\u00e9\u00e9rt, ami sokszor hihetetlen. P\u00e9ld\u00e1ul, hogy nincsenek eml\u00e9kk\u00e9pei, vagy \u00fagy tekint a h\u00e1bor\u00fara, mint egy filmforgat\u00e1sra, vagy mint a j\u00f3l elkapott pillanatfelv\u00e9telek sokas\u00e1g\u00e1ra. Azt\u00e1n t\u00f6rt\u00e9nik valami, ami kiz\u00f6kkenti a mentsv\u00e1rb\u00f3l, \u00e9s k\u00e9nytelen szembes\u00fclni a val\u00f3s\u00e1ggal.<\/span><span class=\"Apple-style-span\" style=\"border-collapse: collapse; color: rgb(51, 51, 51); font-family: 'trebuchet ms', verdana, arial, sans-serif; font-size: 13px; line-height: 18px; -webkit-border-horizontal-spacing: 2px; -webkit-border-vertical-spacing: 2px; \"><br><\/span><span class=\"Apple-style-span\" style=\"border-collapse: collapse; font-family: 'trebuchet ms', verdana, arial, sans-serif; line-height: 18px; -webkit-border-horizontal-spacing: 2px; -webkit-border-vertical-spacing: 2px; color: rgb(102, 0, 0); font-size: 16px; \">Ari, a film v\u00e9g\u00e9n elkezd eml\u00e9kezni, \u00e9s r\u00e1j\u00f6n, hogy \u0151 azon katon\u00e1khoz tartozott, akik a&nbsp;vil\u00e1g\u00edt\u00f3&nbsp;bomb\u00e1kat l\u0151tt\u00e9k fel, hogy a t\u00e1borokban l\u00e9v\u0151 katon\u00e1k l\u00e1ss\u00e1k az embereket, akiket lem\u00e9sz\u00e1roltak.<\/span><span class=\"Apple-style-span\" style=\"border-collapse: collapse; color: rgb(51, 51, 51); font-family: 'trebuchet ms', verdana, arial, sans-serif; font-size: 13px; line-height: 18px; -webkit-border-horizontal-spacing: 2px; -webkit-border-vertical-spacing: 2px; \"><br><\/span><span class=\"Apple-style-span\" style=\"border-collapse: collapse; font-family: 'trebuchet ms', verdana, arial, sans-serif; line-height: 18px; -webkit-border-horizontal-spacing: 2px; -webkit-border-vertical-spacing: 2px; color: rgb(102, 0, 0); font-size: 16px; \">A film utols\u00f3 kock\u00e1i \"sajnos\" nem rajzoltak. A val\u00f3di m\u00e9sz\u00e1rl\u00e1s ut\u00e1ni napokban k\u00e9sz\u00fclt fot\u00f3k \u00e9s vide\u00f3k peregnek megd\u00f6bbentve a n\u00e9z\u0151t, ezzel t\u00e9ve val\u00f3s\u00e1goss\u00e1 az addig l\u00e1tottakat. Sokkol\u00f3, m\u00e9gis megnyugtat\u00f3 a tudat, hogy valahol van egy izraeli filmrendez\u0151, aki nem&nbsp;ismer&nbsp;engem, \u0151 m\u00e9gis adott egy szeletet az \u00e9let\u00e9b\u0151l, \u00e9s megvallotta a legnagyobb b\u0171n\u00e9t,&nbsp;b\u00edzva&nbsp;a n\u00e9z\u0151 megbocs\u00e1jt\u00e1s\u00e1ban.<\/span><span class=\"Apple-style-span\" style=\"border-collapse: collapse; color: rgb(51, 51, 51); font-family: 'trebuchet ms', verdana, arial, sans-serif; font-size: 13px; line-height: 18px; -webkit-border-horizontal-spacing: 2px; -webkit-border-vertical-spacing: 2px; \"><br><\/span><span class=\"Apple-style-span\" style=\"border-collapse: collapse; font-family: 'trebuchet ms', verdana, arial, sans-serif; line-height: 18px; -webkit-border-horizontal-spacing: 2px; -webkit-border-vertical-spacing: 2px; color: rgb(102, 0, 0); font-size: 16px; \">Ezt a filmet azoknak aj\u00e1nlom, akik szeretik az igazi ritka kincseket, \u00e9s&nbsp;b\u00edrj\u00e1k&nbsp;idegrendszerrel is..<\/span><\/i>","type":"rich"}

Libanoni keringő

<p><i><span style="color: rgb(102, 0, 0); ">&nbsp;</span></i><img src="https://filmmind.cafeblog.hu/files/thumb_waltz_with_bashir11.jpg" class="blogkep" align="center"></p><p><i><font class="Apple-style-span" color="#660000" face="'trebuchet ms', verdana, arial, sans-serif" size="2"><span class="Apple-style-span" style="border-collapse: collapse; line-height: 18px; -webkit-border-horizontal-spacing: 2px; -webkit-border-vertical-spacing: 2px; "><span style="font-size: 16px; ">Hány olyan vérengzésről, csatáról, háborúról hallunk a történelem során, ahol az öldöklés önkényes, és a háttérben az adott hatalom által&nbsp;irányított&nbsp;volt. Egy ilyen témához nem könnyű filmesként hozzányúlni, mert&nbsp;</span></span><span class="Apple-style-span" style="border-collapse: collapse; line-height: 18px; -webkit-border-horizontal-spacing: 2px; -webkit-border-vertical-spacing: 2px; "><span style="font-size: 16px; ">automatikusan</span></span><span class="Apple-style-span" style="border-collapse: collapse; line-height: 18px; -webkit-border-horizontal-spacing: 2px; -webkit-border-vertical-spacing: 2px; "><span style="font-size: 16px; ">&nbsp;ellenállásba fog ütközni valamelyik oldalról. Egy háborúban mindig van két, vagy több ellenség, akik a csatájukat a maguk szemszögéből fogják látni, és aszerint magyarázzák, miért történ úgy a háború menete, ahogy.</span></span></font></i></p><i><span class="Apple-style-span" style="border-collapse: collapse; font-family: 'trebuchet ms', verdana, arial, sans-serif; line-height: 18px; -webkit-border-horizontal-spacing: 2px; -webkit-border-vertical-spacing: 2px; color: rgb(102, 0, 0); font-size: 16px; ">De vannak ritka pillanatok, és kivételes emberek, akik belátják, hogy ők is hibázhattak, hogy a parancs, amit kaptak, nem volt emberhez méltó, hogy&nbsp;teljesítsék.</span><span class="Apple-style-span" style="border-collapse: collapse; color: rgb(51, 51, 51); font-family: 'trebuchet ms', verdana, arial, sans-serif; font-size: 13px; line-height: 18px; -webkit-border-horizontal-spacing: 2px; -webkit-border-vertical-spacing: 2px; "><br></span><span class="Apple-style-span" style="border-collapse: collapse; color: rgb(51, 51, 51); font-family: 'trebuchet ms', verdana, arial, sans-serif; font-size: 13px; line-height: 18px; -webkit-border-horizontal-spacing: 2px; -webkit-border-vertical-spacing: 2px; "><br></span><span class="Apple-style-span" style="border-collapse: collapse; font-family: 'trebuchet ms', verdana, arial, sans-serif; line-height: 18px; -webkit-border-horizontal-spacing: 2px; -webkit-border-vertical-spacing: 2px; color: rgb(102, 0, 0); font-size: 16px; ">Egy filmnél a legfontosabb ember szerintem a rendező, mert a történet, a jelenetek, a&nbsp;világítás, a&nbsp;helyszínek&nbsp;az ő szemén keresztül&nbsp;vetítve&nbsp;jutnak el hozzánk. Ari Folman &nbsp;izraeli filmrendező keze nyomán készült a</span><span class="Apple-style-span" style="border-collapse: collapse; font-family: 'trebuchet ms', verdana, arial, sans-serif; line-height: 18px; -webkit-border-horizontal-spacing: 2px; -webkit-border-vertical-spacing: 2px; color: rgb(102, 0, 0); font-size: 16px; ">&nbsp;</span><span class="Apple-style-span" style="border-collapse: collapse; color: rgb(51, 51, 51); font-family: 'trebuchet ms', verdana, arial, sans-serif; font-size: 13px; line-height: 18px; -webkit-border-horizontal-spacing: 2px; -webkit-border-vertical-spacing: 2px; "><b><span style="color: rgb(102, 0, 0); font-size: 16px; ">Libanoni keringő</span></b></span><span class="Apple-style-span" style="border-collapse: collapse; font-family: 'trebuchet ms', verdana, arial, sans-serif; line-height: 18px; -webkit-border-horizontal-spacing: 2px; -webkit-border-vertical-spacing: 2px; color: rgb(102, 0, 0); font-size: 16px; ">, mely önéletrajzi ihletésű. A rendező egyike a Holokauszt túlélők leszármazottjának.</span><span class="Apple-style-span" style="border-collapse: collapse; color: rgb(51, 51, 51); font-family: 'trebuchet ms', verdana, arial, sans-serif; font-size: 13px; line-height: 18px; -webkit-border-horizontal-spacing: 2px; -webkit-border-vertical-spacing: 2px; "><br></span><span class="Apple-style-span" style="border-collapse: collapse; font-family: 'trebuchet ms', verdana, arial, sans-serif; line-height: 18px; -webkit-border-horizontal-spacing: 2px; -webkit-border-vertical-spacing: 2px; color: rgb(102, 0, 0); font-size: 16px; ">A filmet nemcsak az animációs filmek kategóriájában jelölték számos fesztiválon és&nbsp;díjátadó&nbsp;ünnepségen, hanem a dokumentum film kategóriában is. Érdekes&nbsp;párosítás, mármint az animáció és a dokumentumfilm, mégis miután megnéztem, úgy gondoltam, hogy nem is lehetett volna másképp megcsinálni. A drámai jeleneteket&nbsp;finomította&nbsp;a rajzolt technika, mégis a képzeletünk&nbsp;kiegészítésével&nbsp;sokkal hatásosabb volt bármelyik&nbsp;számítógépes&nbsp;effektnél.</span><span class="Apple-style-span" style="border-collapse: collapse; color: rgb(51, 51, 51); font-family: 'trebuchet ms', verdana, arial, sans-serif; font-size: 13px; line-height: 18px; -webkit-border-horizontal-spacing: 2px; -webkit-border-vertical-spacing: 2px; "><br></span><span class="Apple-style-span" style="border-collapse: collapse; color: rgb(51, 51, 51); font-family: 'trebuchet ms', verdana, arial, sans-serif; font-size: 13px; line-height: 18px; -webkit-border-horizontal-spacing: 2px; -webkit-border-vertical-spacing: 2px; "><br></span><span class="Apple-style-span" style="border-collapse: collapse; font-family: 'trebuchet ms', verdana, arial, sans-serif; line-height: 18px; -webkit-border-horizontal-spacing: 2px; -webkit-border-vertical-spacing: 2px; color: rgb(102, 0, 0); font-size: 16px; ">Maga a filmrendező, Ari meséli el a történetét az 1982-es Libanoni mészárlásról, ahol ő még csak 19 éves katona volt. Ari egy nap felkeresi barátját, akivel együtt harcolt abban a bizonyos háborúban, és elmondja neki, hogy lassan 3 éve van egy visszatérő álma, ahol 26 véreb, vicsorgó pofával,&nbsp;csorgó&nbsp;nyállal és kifordult szemmel rohan a háza felé, és őt akarja megölni. Az álom megfejtése összefügg az ő katonai múltjukkal, amikor egy alkalommal a&nbsp;vízpart&nbsp;felől&nbsp;bevonultak egy faluba, ahol kutyák őrizték az emberek nyugalmát, és ha a kutyák megéreztek valakit, azonnal jeleztek a gazdáknak. Ezeket a kutyákat lőtték ki, pontosan 26-ot. Ari nem érti miért nem emlékszik semmire abból az időből, minden olyan dolgot törölt a memóriája, ahol ölni kellett, vagy ahol ilyet látott.&nbsp;Így&nbsp;eldönti, hogy felkeresi a régi bajtársait, és megkérdezi őket, mire emlékeznek a háborúból.</span><span class="Apple-style-span" style="border-collapse: collapse; color: rgb(51, 51, 51); font-family: 'trebuchet ms', verdana, arial, sans-serif; font-size: 13px; line-height: 18px; -webkit-border-horizontal-spacing: 2px; -webkit-border-vertical-spacing: 2px; "><br></span><span class="Apple-style-span" style="border-collapse: collapse; font-family: 'trebuchet ms', verdana, arial, sans-serif; line-height: 18px; -webkit-border-horizontal-spacing: 2px; -webkit-border-vertical-spacing: 2px; color: rgb(102, 0, 0); font-size: 16px; ">Erre az utazásra&nbsp;hív&nbsp;minket a film, mely gyönyörűen van megrajzolva, a fények, a&nbsp;színek, az arcok életre kelnek. A történetben haladva egyre jobban elfog minket az az érzés, hogy sokszor - és biztosan nem csak ebben a mészárlásban - fiatal katonák mennek,&nbsp;teljesítik&nbsp;a parancsot, de akkor és ott nem fogják fel, hogy minden elvükkel&nbsp;ellenkezik&nbsp;a tettük. Csak később, mikor már képesek szembesülni vele, akkor jönnek rá, hogy nem kellett volna részt venni. Az ember különös teremtmény, és olyan dolgokra képes a lelke és&nbsp;ép elméje&nbsp;megvédéséért, ami sokszor hihetetlen. Például, hogy nincsenek emlékképei, vagy úgy tekint a háborúra, mint egy filmforgatásra, vagy mint a jól elkapott pillanatfelvételek sokaságára. Aztán történik valami, ami kizökkenti a mentsvárból, és kénytelen szembesülni a valósággal.</span><span class="Apple-style-span" style="border-collapse: collapse; color: rgb(51, 51, 51); font-family: 'trebuchet ms', verdana, arial, sans-serif; font-size: 13px; line-height: 18px; -webkit-border-horizontal-spacing: 2px; -webkit-border-vertical-spacing: 2px; "><br></span><span class="Apple-style-span" style="border-collapse: collapse; font-family: 'trebuchet ms', verdana, arial, sans-serif; line-height: 18px; -webkit-border-horizontal-spacing: 2px; -webkit-border-vertical-spacing: 2px; color: rgb(102, 0, 0); font-size: 16px; ">Ari, a film végén elkezd emlékezni, és rájön, hogy ő azon katonákhoz tartozott, akik a&nbsp;világító&nbsp;bombákat lőtték fel, hogy a táborokban lévő katonák lássák az embereket, akiket lemészároltak.</span><span class="Apple-style-span" style="border-collapse: collapse; color: rgb(51, 51, 51); font-family: 'trebuchet ms', verdana, arial, sans-serif; font-size: 13px; line-height: 18px; -webkit-border-horizontal-spacing: 2px; -webkit-border-vertical-spacing: 2px; "><br></span><span class="Apple-style-span" style="border-collapse: collapse; font-family: 'trebuchet ms', verdana, arial, sans-serif; line-height: 18px; -webkit-border-horizontal-spacing: 2px; -webkit-border-vertical-spacing: 2px; color: rgb(102, 0, 0); font-size: 16px; ">A film utolsó kockái "sajnos" nem rajzoltak. A valódi mészárlás utáni napokban készült fotók és videók peregnek megdöbbentve a nézőt, ezzel téve valóságossá az addig látottakat. Sokkoló, mégis megnyugtató a tudat, hogy valahol van egy izraeli filmrendező, aki nem&nbsp;ismer&nbsp;engem, ő mégis adott egy szeletet az életéből, és megvallotta a legnagyobb bűnét,&nbsp;bízva&nbsp;a néző megbocsájtásában.</span><span class="Apple-style-span" style="border-collapse: collapse; color: rgb(51, 51, 51); font-family: 'trebuchet ms', verdana, arial, sans-serif; font-size: 13px; line-height: 18px; -webkit-border-horizontal-spacing: 2px; -webkit-border-vertical-spacing: 2px; "><br></span><span class="Apple-style-span" style="border-collapse: collapse; font-family: 'trebuchet ms', verdana, arial, sans-serif; line-height: 18px; -webkit-border-horizontal-spacing: 2px; -webkit-border-vertical-spacing: 2px; color: rgb(102, 0, 0); font-size: 16px; ">Ezt a filmet azoknak ajánlom, akik szeretik az igazi ritka kincseket, és&nbsp;bírják&nbsp;idegrendszerrel is..</span></i>
